{"id":123,"date":"2015-11-02T16:22:50","date_gmt":"2015-11-02T15:22:50","guid":{"rendered":"http:\/\/designtoweb.de\/designtoweb\/?page_id=123"},"modified":"2020-03-12T07:39:24","modified_gmt":"2020-03-12T06:39:24","slug":"virenschutz-und-internet-sicherheit","status":"publish","type":"page","link":"https:\/\/www.designtoweb.de\/?page_id=123","title":{"rendered":"Internet &#8211; Sicherheit"},"content":{"rendered":"<div class='sangar-slider-202 mobile-full-content-box' style='width: 1000px;height: 500px;max-width: 100%;position: relative;margin-left: auto;margin-right: auto;display: block;'><div class='sangar-content' style='display:none;'><img width=\"1600\" height=\"1063\" src=\"https:\/\/www.designtoweb.de\/wp-content\/uploads\/2015\/10\/front-slide-5.jpg\" class=\"attachment-full size-full\" alt=\"Virenschutz und Internet - Sicherheit\" decoding=\"async\" loading=\"lazy\" srcset=\"https:\/\/www.designtoweb.de\/wp-content\/uploads\/2015\/10\/front-slide-5.jpg 1600w, https:\/\/www.designtoweb.de\/wp-content\/uploads\/2015\/10\/front-slide-5-300x199.jpg 300w, https:\/\/www.designtoweb.de\/wp-content\/uploads\/2015\/10\/front-slide-5-1024x680.jpg 1024w, https:\/\/www.designtoweb.de\/wp-content\/uploads\/2015\/10\/front-slide-5-2x1.jpg 2w\" sizes=\"(max-width: 1600px) 100vw, 1600px\" \/><div class='sangar-textbox ' data-anim-enable='all' data-anim-type='transition.slideDownIn' data-anim-duration='1000' data-anim-stagger='600'><div class='sangar-textbox-inner sangar-position-top'><div class='sangar-textbox-content' style='width:100%;background:url(https:\/\/www.designtoweb.de\/wp-content\/plugins\/sangar-slider-lite\/sangar-core\/assets\/images\/transparent\/black.png) repeat scroll 0% 0% transparent;padding:3.5em 3.5em;display:block;'><div class='sangar-textbox-title' style='text-align:left;'><p class='sangar-slide-title' style='color:#ffffff;font-size:2.5em;font-family:;'>Virenschutz und Internet - Sicherheit<\/p><\/div><div class='sangar-textbox-description' style='text-align:left;'><div style='color:#ffffff;font-size:1.6em;font-family:;'>Kriminelle Hacker, Viren-Gangster und Abzocker sind clever, dreist und gierig und haben es auch auf Ihr Geld abgesehen. Sie pl\u00fcndern Daten von PCs \u2013 eine falsche Dateneingabe, der versehentliche Klick einer virenverseuchten Webseite \u2013 schon ist der PC \u00fcbernommen, das Bankkonto geleert, oder es kommen Rechnungen f\u00fcr angeblich bestellte Dinge nach Hause. Wer diese Gefahren ignoriert, handelt grob fahrl\u00e4ssig.\n<ul>\n\t<li>Problembeseitigung jeder Art im Computer-Bereich<\/li>\n\t<li>Datensicherung und Datenrettung, Viren Entfernung<\/li>\n\t<li>Software\/ Betriebssystem Neuinstallation<\/li>\n\t<li>System-Tuning<\/li>\n\t<li>Sicherheitssoftware (zu Ihrem Schutz gegen Bedrohungen, wie:   Antiviren, Antispam, Firewall, Spyware, Trojaner, etc.)<\/li>\n<\/ul><\/div><\/div><\/div><\/div><\/div><\/div><div class=\"sangar-slider-loading\" style=\"display:block;position:absolute;width:100%;height:100%;z-index:99;top:0px;left:0px;\" ><div><span id=\"span_1\"><\/span><span id=\"span_2\"><\/span><span id=\"span_3\"><\/span><\/div><\/div><\/div>\n","protected":false},"excerpt":{"rendered":"","protected":false},"author":1,"featured_media":0,"parent":0,"menu_order":0,"comment_status":"closed","ping_status":"closed","template":"page-fullwidth.php","meta":{"footnotes":""},"yoast_head":"<!-- This site is optimized with the Yoast SEO plugin v20.13 - https:\/\/yoast.com\/wordpress\/plugins\/seo\/ -->\n<title>Internet - Sicherheit - Webdesign D.Zeidler<\/title>\n<meta name=\"robots\" content=\"index, follow, max-snippet:-1, max-image-preview:large, max-video-preview:-1\" \/>\n<link rel=\"canonical\" href=\"http:\/\/www.designtoweb.de\/?page_id=123\" \/>\n<meta property=\"og:locale\" content=\"de_DE\" \/>\n<meta property=\"og:type\" content=\"article\" \/>\n<meta property=\"og:title\" content=\"Internet - Sicherheit - Webdesign D.Zeidler\" \/>\n<meta property=\"og:url\" content=\"http:\/\/www.designtoweb.de\/?page_id=123\" \/>\n<meta property=\"og:site_name\" content=\"Webdesign D.Zeidler\" \/>\n<meta property=\"article:modified_time\" content=\"2020-03-12T06:39:24+00:00\" \/>\n<meta name=\"twitter:card\" content=\"summary_large_image\" \/>\n<script type=\"application\/ld+json\" class=\"yoast-schema-graph\">{\"@context\":\"https:\/\/schema.org\",\"@graph\":[{\"@type\":\"WebPage\",\"@id\":\"http:\/\/www.designtoweb.de\/?page_id=123\",\"url\":\"http:\/\/www.designtoweb.de\/?page_id=123\",\"name\":\"Internet - Sicherheit - Webdesign D.Zeidler\",\"isPartOf\":{\"@id\":\"http:\/\/www.designtoweb.de\/#website\"},\"datePublished\":\"2015-11-02T15:22:50+00:00\",\"dateModified\":\"2020-03-12T06:39:24+00:00\",\"breadcrumb\":{\"@id\":\"http:\/\/www.designtoweb.de\/?page_id=123#breadcrumb\"},\"inLanguage\":\"de\",\"potentialAction\":[{\"@type\":\"ReadAction\",\"target\":[\"http:\/\/www.designtoweb.de\/?page_id=123\"]}]},{\"@type\":\"BreadcrumbList\",\"@id\":\"http:\/\/www.designtoweb.de\/?page_id=123#breadcrumb\",\"itemListElement\":[{\"@type\":\"ListItem\",\"position\":1,\"name\":\"Startseite\",\"item\":\"https:\/\/www.designtoweb.de\/\"},{\"@type\":\"ListItem\",\"position\":2,\"name\":\"Internet &#8211; Sicherheit\"}]},{\"@type\":\"WebSite\",\"@id\":\"http:\/\/www.designtoweb.de\/#website\",\"url\":\"http:\/\/www.designtoweb.de\/\",\"name\":\"Webdesign D.Zeidler\",\"description\":\"\",\"publisher\":{\"@id\":\"http:\/\/www.designtoweb.de\/#organization\"},\"potentialAction\":[{\"@type\":\"SearchAction\",\"target\":{\"@type\":\"EntryPoint\",\"urlTemplate\":\"http:\/\/www.designtoweb.de\/?s={search_term_string}\"},\"query-input\":\"required name=search_term_string\"}],\"inLanguage\":\"de\"},{\"@type\":\"Organization\",\"@id\":\"http:\/\/www.designtoweb.de\/#organization\",\"name\":\"Webdesign Zeidler\",\"url\":\"http:\/\/www.designtoweb.de\/\",\"logo\":{\"@type\":\"ImageObject\",\"inLanguage\":\"de\",\"@id\":\"http:\/\/www.designtoweb.de\/#\/schema\/logo\/image\/\",\"url\":\"http:\/\/www.designtoweb.de\/wp-content\/uploads\/2015\/10\/logo2-e1446461098881.png\",\"contentUrl\":\"http:\/\/www.designtoweb.de\/wp-content\/uploads\/2015\/10\/logo2-e1446461098881.png\",\"width\":52,\"height\":60,\"caption\":\"Webdesign Zeidler\"},\"image\":{\"@id\":\"http:\/\/www.designtoweb.de\/#\/schema\/logo\/image\/\"}}]}<\/script>\n<!-- \/ Yoast SEO plugin. -->","yoast_head_json":{"title":"Internet - Sicherheit - Webdesign D.Zeidler","robots":{"index":"index","follow":"follow","max-snippet":"max-snippet:-1","max-image-preview":"max-image-preview:large","max-video-preview":"max-video-preview:-1"},"canonical":"http:\/\/www.designtoweb.de\/?page_id=123","og_locale":"de_DE","og_type":"article","og_title":"Internet - Sicherheit - Webdesign D.Zeidler","og_url":"http:\/\/www.designtoweb.de\/?page_id=123","og_site_name":"Webdesign D.Zeidler","article_modified_time":"2020-03-12T06:39:24+00:00","twitter_card":"summary_large_image","schema":{"@context":"https:\/\/schema.org","@graph":[{"@type":"WebPage","@id":"http:\/\/www.designtoweb.de\/?page_id=123","url":"http:\/\/www.designtoweb.de\/?page_id=123","name":"Internet - Sicherheit - Webdesign D.Zeidler","isPartOf":{"@id":"http:\/\/www.designtoweb.de\/#website"},"datePublished":"2015-11-02T15:22:50+00:00","dateModified":"2020-03-12T06:39:24+00:00","breadcrumb":{"@id":"http:\/\/www.designtoweb.de\/?page_id=123#breadcrumb"},"inLanguage":"de","potentialAction":[{"@type":"ReadAction","target":["http:\/\/www.designtoweb.de\/?page_id=123"]}]},{"@type":"BreadcrumbList","@id":"http:\/\/www.designtoweb.de\/?page_id=123#breadcrumb","itemListElement":[{"@type":"ListItem","position":1,"name":"Startseite","item":"https:\/\/www.designtoweb.de\/"},{"@type":"ListItem","position":2,"name":"Internet &#8211; Sicherheit"}]},{"@type":"WebSite","@id":"http:\/\/www.designtoweb.de\/#website","url":"http:\/\/www.designtoweb.de\/","name":"Webdesign D.Zeidler","description":"","publisher":{"@id":"http:\/\/www.designtoweb.de\/#organization"},"potentialAction":[{"@type":"SearchAction","target":{"@type":"EntryPoint","urlTemplate":"http:\/\/www.designtoweb.de\/?s={search_term_string}"},"query-input":"required name=search_term_string"}],"inLanguage":"de"},{"@type":"Organization","@id":"http:\/\/www.designtoweb.de\/#organization","name":"Webdesign Zeidler","url":"http:\/\/www.designtoweb.de\/","logo":{"@type":"ImageObject","inLanguage":"de","@id":"http:\/\/www.designtoweb.de\/#\/schema\/logo\/image\/","url":"http:\/\/www.designtoweb.de\/wp-content\/uploads\/2015\/10\/logo2-e1446461098881.png","contentUrl":"http:\/\/www.designtoweb.de\/wp-content\/uploads\/2015\/10\/logo2-e1446461098881.png","width":52,"height":60,"caption":"Webdesign Zeidler"},"image":{"@id":"http:\/\/www.designtoweb.de\/#\/schema\/logo\/image\/"}}]}},"_links":{"self":[{"href":"https:\/\/www.designtoweb.de\/index.php?rest_route=\/wp\/v2\/pages\/123"}],"collection":[{"href":"https:\/\/www.designtoweb.de\/index.php?rest_route=\/wp\/v2\/pages"}],"about":[{"href":"https:\/\/www.designtoweb.de\/index.php?rest_route=\/wp\/v2\/types\/page"}],"author":[{"embeddable":true,"href":"https:\/\/www.designtoweb.de\/index.php?rest_route=\/wp\/v2\/users\/1"}],"replies":[{"embeddable":true,"href":"https:\/\/www.designtoweb.de\/index.php?rest_route=%2Fwp%2Fv2%2Fcomments&post=123"}],"version-history":[{"count":4,"href":"https:\/\/www.designtoweb.de\/index.php?rest_route=\/wp\/v2\/pages\/123\/revisions"}],"predecessor-version":[{"id":203,"href":"https:\/\/www.designtoweb.de\/index.php?rest_route=\/wp\/v2\/pages\/123\/revisions\/203"}],"wp:attachment":[{"href":"https:\/\/www.designtoweb.de\/index.php?rest_route=%2Fwp%2Fv2%2Fmedia&parent=123"}],"curies":[{"name":"wp","href":"https:\/\/api.w.org\/{rel}","templated":true}]}}